Calculate the remainder when 5826 is divided by 47.
45
Calculate the remainder when 366 is divided by 63.
51
What is the remainder when 222 is divided by 46?
38
What is the remainder when 10433 is divided by 18?
11
Calculate the remainder when 1616 is divided by 7.
6
What is the remainder when 253 is divided by 43?
38
Calculate the remainder when 3246 is divided by 8.
6
What is the remainder when 86 is divided by 11?
9
Calculate the remainder when 50 is divided by 18.
14
What is the remainder when 796 is divided by 287?
222
What is the remainder when 38 is divided by 4?
2
Calculate the remainder when 512 is divided by 6.
2
What is the remainder when 2105 is divided by 235?
225
What is the remainder when 131 is divided by 25?
6
Calculate the remainder when 221 is divided by 71.
8
Calculate the remainder when 6551 is divided by 91.
90
Calculate the remainder when 654 is divided by 39.
30
What is the remainder when 125 is divided by 67?
58
What is the remainder when 307 is divided by 14?
13
What is the remainder when 110 is divided by 16?
14
Calculate the remainder when 85 is divided by 43.
42
What is the remainder when 2429 is divided by 26?
11
What is the remainder when 23 is divided by 6?
5
What is the remainder when 519 is divided by 8?
7
What is the remainder when 175 is divided by 24?
7
Calculate the remainder when 75 is divided by 24.
3
Calculate the remainder when 1866 is divided by 67.
57
What is the remainder when 97 is divided by 3?
1
What is the remainder when 33279 is divided by 130?
129
Calculate the remainder when 2110 is divided by 47.
42
Calculate the remainder when 50 is divided by 14.
8
What is the remainder when 241 is divided by 133?
108
Calculate the remainder when 696 is divided by 32.
24
Calculate the remainder when 61 is divided by 24.
13
Calculate the remainder when 849 is divided by 62.
43
What is the remainder when 323 is divided by 194?
129
Calculate the remainder when 13697 is divided by 20.
17
What is the remainder when 134 is divided by 14?
8
Calculate the remainder when 56 is divided by 13.
4
Calculate the remainder when 1791 is divided by 46.
43
What is the remainder when 241 is divided by 31?
24
Calculate the remainder when 88 is divided by 24.
16
Calculate the remainder when 7965 is divided by 3.
0
What is the remainder when 106 is divided by 22?
18
Calculate the remainder when 75 is divided by 27.
21
Calculate the remainder when 76 is divided by 23.
7
What is the remainder when 489 is divided by 49?
48
What is the remainder when 1017 is divided by 320?
57
What is the remainder when 155 is divided by 89?
66
What is the remainder when 1225 is divided by 59?
45
Calculate the remainder when 65 is divided by 14.
9
What is the remainder when 53 is divided by 18?
17
What is the remainder when 16244 is divided by 7?
4
What is the remainder when 102 is divided by 7?
4
What is the remainder when 653 is divided by 312?
29
Calculate the remainder when 329 is divided by 32.
9
What is the remainder when 7939 is divided by 19?
16
Calculate the remainder when 434 is divided by 91.
70
What is the remainder when 591 is divided by 33?
30
Calculate the remainder when 185 is divided by 132.
53
Calculate the remainder when 534 is divided by 49.
44
Calculate the remainder when 283 is divided by 9.
4
Calculate the remainder when 54 is divided by 18.
0
What is the remainder when 140 is divided by 28?
0
What is the remainder when 756 is divided by 21?
0
Calculate the remainder when 129 is divided by 54.
21
Calculate the remainder when 84 is divided by 31.
22
Calculate the remainder when 49 is divided by 10.
9
What is the remainder when 867 is divided by 224?
195
What is the remainder when 2978 is divided by 20?
18
What is the remainder when 221 is divided by 32?
29
What is the remainder when 1148 is divided by 24?
20
Calculate the remainder when 335 is divided by 42.
41
Calculate the remainder when 1454 is divided by 5.
4
What is the remainder when 109 is divided by 8?
5
What is the remainder when 138 is divided by 95?
43
What is the remainder when 601 is divided by 211?
179
Calculate the remainder when 2139 is divided by 29.
22
Calculate the remainder when 1281 is divided by 26.
7
What is the remainder when 142 is divided by 39?
25
What is the remainder when 240 is divided by 69?
33
What is the remainder when 3021 is divided by 24?
21
What is the remainder when 1090 is divided by 73?
68
Calculate the remainder when 1034 is divided by 69.
68
Calculate the remainder when 675 is divided by 135.
0
Calculate the remainder when 409 is divided by 23.
18
What is the remainder when 320 is divided by 25?
20
What is the remainder when 643 is divided by 46?
45
What is the remainder when 1018 is divided by 136?
66
Calculate the remainder when 800 is divided by 162.
152
Calculate the remainder when 1700 is divided by 21.
20
What is the remainder when 1034 is divided by 249?
38
What is the remainder when 182 is divided by 95?
87
What is the remainder when 142 is divided by 44?
10
Calculate the remainder when 87 is divided by 35.
17
What is the remainder when 135 is divided by 90?
45
Calculate the remainder when 97 is divided by 75.
22
Calculate the remainder when 3504 is divided by 1752.
0
Calculate the remainder when 18687 is divided by 105.
102
What is the remainder when 11 is divided by 10?
1
Calculate the remainder when 1266 is divided by 45.
6
What is the remainder when 468 is divided by 68?
60
What is the remainder when 48 is divided by 25?
23
What is the remainder when 101 is divided by 33?
2
What is the remainder when 423 is divided by 141?
0
What is the remainder when 1215 is divided by 33?
27
Calculate the remainder when 22 is divided by 11.
0
What is the remainder when 954 is divided by 138?
126
Calculate the remainder when 142 is divided by 41.
19
What is the remainder when 1595 is divided by 84?
83
Calculate the remainder when 198 is divided by 182.
16
What is the remainder when 2284 is divided by 1134?
16
What is the remainder when 5859 is divided by 2929?
1
Calculate the remainder when 338 is divided by 17.
15
What is the remainder when 417 is divided by 35?
32
What is the remainder when 15560 is divided by 117?
116
Calculate the remainder when 6111 is divided by 244.
11
Calculate the remainder when 574 is divided by 12.
10
What is the remainder when 171 is divided by 16?
11
What is the remainder when 135 is divided by 21?
9
Calculate the remainder when 1276 is divided by 262.
228
Calculate the remainder when 223 is divided by 73.
4
What is the remainder when 284 is divided by 32?
28
Calculate the remainder when 1320 is divided by 21.
18
Calculate the remainder when 440 is divided by 292.
148
What is the remainder when 285 is divided by 12?
9
Calculate the remainder when 1196 is divided by 38.
18
What is the remainder when 6555 is divided by 83?
81
Calculate the remainder when 33 is divided by 18.
15
What is the remainder when 772 is divided by 23?
13
Calculate the remainder when 471 is divided by 3.
0
Calculate the remainder when 957 is divided by 16.
13
What is the remainder when 530 is divided by 6?
2
What is the remainder when 178 is divided by 91?
87
Calculate the remainder when 142 is divided by 15.
7
What is the remainder when 3581 is divided by 27?
17
What is the remainder when 8068 is divided by 117?
112
What is the remainder when 66 is divided by 36?
30
Calculate the remainder when 200 is divided by 89.
22
What is the remainder when 30 is divided by 19?
11
Calculate the remainder when 772 is divided by 31.
28
What is the remainder when 319 is divided by 14?
11
Calculate the remainder when 114 is divided by 71.
43
What is the remainder when 74 is divided by 13?
9
What is the remainder when 624 is divided by 208?
0
Calculate the remainder when 837 is divided by 140.
137
What is the remainder when 6830 is divided by 11?
10
Calculate the remainder when 252 is divided by 29.
20
Calculate the remainder when 374 is divided by 15.
14
What is the remainder when 837 is divided by 84?
81
What is the remainder when 289 is divided by 62?
41
What is the remainder when 1156 is divided by 97?
89
Calculate the remainder when 267 is divided by 27.
24
What is the remainder when 193 is divided by 4?
1
What is the remainder when 2240 is div